Let b = 72 + n. Suppose 2*c - m = b, -6*c + 3*c = -5*m + 3. What are the prime factors of c?
2
Suppose 5*f = 3*p + f - 5668, 0 = -4*f - 16. Suppose p = 13*t - 5981. What are the prime factors of t?
5, 11
Let a be -2 + (-4 - -4) + 6. Suppose -a*v = v - 2005. List the prime factors of v.
401
Suppose 0 = -6*f - 3*f + 126. Let d(m) = 37*m - 65. What are the prime factors of d(f)?
3, 151
Suppose 5*x + 30*m - 86145 = 25*m, 2*x - 34450 = -m. List the prime factors of x.
17, 1013
List the prime factors of 141/(-564) + (-21845)/(-4).
43, 127
Let w be ((-1981)/63 + (-2)/9)*6. Let b = -118 - w. Suppose -120 = -3*d - 4*g, 0 = -5*d - g + b + 145. What are the prime factors of d?
2, 11
List the prime factors of 204259/66*6 + 11.
2, 5, 929
Let s(l) = -152*l - 3634. List the prime factors of s(-35).
2, 3, 281
Suppose -5*o - 5*r = -279675, 5*o - 88*r - 279669 = -87*r. List the prime factors of o.
2, 27967
Let d(p) = 4*p**2 - 22*p + 22. Let b(f) = 101*f + 6. Let g be b(-1). Let a = g + 105. What are the prime factors of d(a)?
2, 101
Suppose 0 = -t - 3*r + 14, -5*r = -17*t + 19*t - 25. Suppose -5*y + 0*y = -v - 1500, 4*v + 1485 = t*y. List the prime factors of y.
7, 43
Let f be (0 - 0)*(-14)/(-14). Suppose f*r + 12 = 3*r. What are the prime factors of r/(-2 - 2) + 110?
109
List the prime factors of (-732)/(2*(-8)/256)*3.
2, 3, 61
Suppose p + 3*d - 12 = 5*p, p = -3*d - 3. Let v be 2*(4 + (150 - p)). Suppose 3*s - v = 175. List the prime factors of s.
163
Let r(o) = 4*o - 23. Let b(m) = m**2 - 10*m + 16. Let j be b(9). Let u be r(j). Suppose -h + 3*t = 2, -3*t - 42 + 122 = u*h. List the prime factors of h.
13
Suppose 69*c = -3*t + 68*c + 98478, 3*t = -2*c + 98484. List the prime factors of t.
2, 11, 373
List the prime factors of 85*18 - (-126)/42.
3, 7, 73
Suppose 0 = 3*r - 4*b - 7360 - 14209, 5*b - 35995 = -5*r. What are the prime factors of r?
5, 1439
Suppose -159 = -5*b - 2*t, 5*t = 2*b + t - 78. Let q be (88/b)/((-4)/(-6)). Suppose -q*f + f = -2*p - 257, 0 = -f + 4*p + 89. What are the prime factors of f?
5, 17
Let d(y) = -y**3 - 6*y**2 + 10*y - 27. Let w be d(-23). Suppose q = 27*q - w. What are the prime factors of q?
2, 3, 7
Let y(i) be the third derivative of -32/3*i**3 + 3 + 6*i**2 + 0*i + 1/4*i**4. List the prime factors of y(21).
2, 31
Let s(f) = -25*f - 31. Let v be s(3). Let q = v + 217. Let t = q - 85. List the prime factors of t.
2, 13
Let c = -41 - -41. Suppose 92 = 4*p + p - 3*i, -5*p - 5*i + 100 = c. Let v(x) = -x**2 + 28*x - 22. List the prime factors of v(p).
149
Let w = 44 + -54. Let p(l) = -l - 7. Let r be p(w). Suppose -2*v + r*g + 61 = 0, 2*g = -0*g + 2. List the prime factors of v.
2
Let b be ((-6)/(-9))/(988/(-996) + 1). Suppose -59 = -4*k - b. Let t(r) = -2*r**3 - 9*r**2 - 11*r + 1. List the prime factors of t(k).
5, 7
Let u(w) = 0 - 5 - 54*w**3 + 0*w + 1732*w**2 + 2*w - 1732*w**2. What are the prime factors of u(-2)?
3, 47
Let z = -20 - -21. Suppose 6*q + q - 6076 = 0. List the prime factors of q/10 - z/(-5).
3, 29
Suppose 36*b - 41*b = 2*q - 6497, 4*b + 3*q - 5199 = 0. List the prime factors of b.
3, 433
Let d(y) = -4*y - 25. Let u be d(-13). Let r(a) = -6 - 9*a + u + 0*a + a. List the prime factors of r(-7).
7, 11
Suppose 22*r = 11*r + 1144. Let b = 363 - r. List the prime factors of b.
7, 37
Suppose 0 = -369*a + 4741389 + 9131535. What are the prime factors of a?
2, 3, 13, 241
Let b be ((-91485)/76)/((-12)/32). Let q = b - 2042. What are the prime factors of q?
2, 73
What are the prime factors of (-740)/(-1665) - 676203/(-27)?
5, 5009
Let v = -3746 + 5327. Suppose 2*b - v - 337 = 0. What are the prime factors of b?
7, 137
Let b be ((9 - 5) + -3)*(-3 - 2). Let x(r) = -74*r - 116. List the prime factors of x(b).
2, 127
Let k(i) = 1031*i - 129. List the prime factors of k(1).
2, 11, 41
Let l(h) = -226*h + 9. Let a be l(-1). Suppose 2*m - a = 5*v, -v = 4*v - 25. List the prime factors of m.
2, 5, 13
Suppose 68*y - 877453 = 1473851. What are the prime factors of y?
2, 3, 17, 113
Let a = -88 - -237. Suppose a = 3*l - 22. What are the prime factors of l?
3, 19
Suppose 0 = 37*a + 31*a - 613763 - 1959833. List the prime factors of a.
37847
Let i(g) = -g**3 + 7*g**2 - 8*g + 2. Let d be i(5). Suppose 19*u = d*u + 2331. What are the prime factors of u?
3, 37
Suppose -79*f + 417936 + 770325 = 14*f. List the prime factors of f.
3, 4259
Let k(p) = p**3 + 8*p**2 - 9*p - 6. Let w be k(-7). Let b = -89 - -68. Let h = w - b. List the prime factors of h.
127
Let u be (-3)/(-3*1/(-3)) + -626. Let w = 937 + u. What are the prime factors of w?
2, 7, 11
Suppose 124*v - 1642278 = 2128438. List the prime factors of v.
47, 647
Suppose -70*d + 759803 = -81107. List the prime factors of d.
41, 293
Let q(b) = 1004*b - 137. What are the prime factors of q(4)?
3, 431
Let d(h) = 233 - 317 - 19*h + 148. List the prime factors of d(-18).
2, 7, 29
Let o(g) = -19*g + 50. Let s be o(7). Suppose -7*z + 1015 = -0*z. Let k = z + s. What are the prime factors of k?
2, 31
Let n(x) = 15*x**3 - x - 1. Let l be n(-1). Let z be (l/6)/(-4 + 188/48). List the prime factors of 1160/z + (-1)/(-3).
3, 13
Suppose -2*i - 8*i = -i - 50931. What are the prime factors of i?
5659
List the prime factors of (-136)/(-306) - (-8411)/9.
5, 11, 17
What are the prime factors of ((-13189)/484)/(1/(-156))?
3, 13, 109
Let g(u) = -u**3 + 9*u**2 - 9*u + 8. Let t be g(8). Suppose t = -34*a + 29*a + 2635. List the prime factors of a.
17, 31
Let u be 24/20*10/4. Suppose -u*j = -w + 1028, 3*j + 5 = -4. List the prime factors of w.
1019
Suppose -5*f - f = -10836. List the prime factors of f.
2, 3, 7, 43
Suppose 3253324 - 490102 = 194*o - 40*o. List the prime factors of o.
3, 5981
Let u(c) = 8*c + 40. Let m be u(-5). Suppose -4*a + 4*k - 8 = m, -2*a + 3*k = -2*k + 7. What are the prime factors of (-92 + -4 + a)*-2?
2, 97
Let y = 11 + -23. Let l(t) = 2*t**3 + 7*t**2 + 2. Let b be l(-3). Let x = b - y. List the prime factors of x.
23
Suppose 41*l - 34 = 24*l. Suppose -5*n + 363 + 252 = 4*o, 3*n - 372 = -3*o. Suppose 2*i - 7*g - 77 = -l*g, 4*g + n = 3*i. List the prime factors of i.
41
Let k(r) = 2*r**3 - 35*r**2 - 463*r + 31. List the prime factors of k(29).
19, 313
Suppose -721*s = -12497144 - 19514535. What are the prime factors of s?
29, 1531
Suppose 58*d + 8023269 = 241*d. What are the prime factors of d?
17, 2579
Let v be 99892/1130 + ((-14)/10 - -1). Let g = 43 - 73. Let f = v - g. What are the prime factors of f?
2, 59
Suppose 3 = 2*l + 3*h + 6, 0 = -l - 5*h - 5. Suppose l = 34*t + 13*t - 77597. List the prime factors of t.
13, 127
Let t(j) = -631*j + 522. What are the prime factors of t(-17)?
7, 1607
Let p(v) = 20606*v**2 + 3*v - 2. What are the prime factors of p(1)?
3, 6869
Let r(g) = 17*g**3 - 3*g**2 + 2. Let p be r(1). Let f(u) = u**2 + 11*u. What are the prime factors of f(p)?
2, 3
Suppose 2*o - 5*o = -12. Let r(x) = -4*x + 54. Let h be r(13). Suppose o*q + 20 = 0, -h*q - 330 = -4*g - g. What are the prime factors of g?
2
Let m = -114 + 36. Let g be (m + -2 + 5)*-3. Suppose 75 = s - 0*s - 5*w, g = 3*s + w. List the prime factors of s.
3, 5
Suppose 2*s = -4*j + 34916, 313*j + 26184 = 316*j + 3*s. List the prime factors of j.
2, 3, 5, 97
Let o(r) = -2*r**2 + r + 8. Let x be o(-5). Let s = x - -46. List the prime factors of (s/(-2))/(12/240).
2, 5
Let w(m) = 1 - 133*m + 1 - 3 - 49*m. List the prime factors of w(-2).
3, 11
Let w be (-14)/(-4)*4/7. Let k(s) = 98*s + 1 + 1 - 4 - w. What are the prime factors of k(1)?
2, 47
Let w(t) = 6*t**2 - 32*t + 142. Let y(f) = -4*f**2 + 21*f - 95. Let s(j) = 5*w(j) + 7*y(j). List the prime factors of s(-15).
2, 3, 5, 23
Let o be ((-459)/(-72))/(-17)*(-16)/2. Suppose 9*u = -o*s + 4*u + 2104, 2*s + u = 1405. List the prime factors of s.
19, 37
Suppose 793 = 2*i + 2*y - 485, 2554 = 4*i + 5*y. Let g = -1535 + i. List the prime factors of (-4)/5 - g/30.
29
Let o(u) = -u**3 + 13*u**2 - 14*u + 13. Let y be o(10). Let v = -116 + y. Suppose -v*p = -56*p - 43. List the prime factors of p.
43
Let g(k) = 24 - 5*k**3 + k**3 + 8*k**3 + 30*k**2 - 4*k**3 + k**3 - 68*k. List the prime factors of g(-31).
1171
Let z = -41838 + 70397. What are the prime factors of z?
28559
Let y be (5 - (2 - (-30)/5)) + 729. Suppose 5*t - 89 - y = 0. List the prime factors of t.
163
Let z be 6/30